 divisor of 490547867 and 25505.
5101
What is the highest common factor of 1327597 and 5035?
53
What is the highest common divisor of 47509 and 2028696?
617
Calculate the highest common divisor of 510654272 and 14819.
2117
Calculate the greatest common divisor of 7182 and 1351.
7
Calculate the greatest common divisor of 9658417 and 865.
173
What is the highest common factor of 2011012 and 7028?
1004
What is the highest common factor of 37762 and 105702?
158
What is the greatest common divisor of 95470968 and 3894?
354
What is the highest common factor of 176 and 4012096?
176
What is the greatest common factor of 767 and 2727283?
13
Calculate the greatest common divisor of 272860 and 500.
20
Calculate the highest common divisor of 163344 and 5985877.
3403
Calculate the greatest common divisor of 363776 and 456064.
896
Calculate the highest common divisor of 60 and 1880348.
4
Calculate the greatest common divisor of 1876720 and 70.
10
What is the highest common divisor of 848 and 9540424?
424
Calculate the highest common divisor of 61285 and 17595340.
595
What is the highest common factor of 428922 and 66690?
702
What is the highest common divisor of 3617438 and 176?
22
What is the highest common factor of 52 and 3145090?
26
Calculate the highest common factor of 88990772 and 299.
299
Calculate the greatest common factor of 169274880 and 1116.
1116
Calculate the greatest common divisor of 699 and 17370849.
699
Calculate the greatest common factor of 456323 and 63707.
133
What is the highest common factor of 2183 and 11798338?
37
What is the greatest common factor of 95029854 and 996?
498
What is the greatest common divisor of 980 and 198499?
49
Calculate the highest common factor of 932 and 1744965892.
932
What is the highest common divisor of 510 and 31303170?
30
Calculate the highest common factor of 2402036 and 322.
14
What is the highest common factor of 460 and 67594792?
92
What is the highest common factor of 72 and 45527544?
72
What is the highest common factor of 40805 and 1915?
5
Calculate the highest common divisor of 855 and 63577287.
171
What is the highest common divisor of 32944 and 122531090?
4118
What is the greatest common factor of 117436 and 7004?
68
What is the highest common divisor of 77412125 and 2625?
875
What is the highest common divisor of 642 and 4703613?
321
Calculate the highest common factor of 7350 and 6635.
5
What is the highest common factor of 23888890 and 665?
95
Calculate the highest common divisor of 6054605 and 115.
5
Calculate the highest common divisor of 6 and 568975803.
3
Calculate the greatest common factor of 7000884 and 4565.
913
What is the greatest common divisor of 7606599 and 1428?
357
What is the greatest common factor of 3199638 and 78?
78
Calculate the greatest common factor of 185103 and 603.
9
What is the highest common divisor of 10557939 and 22983?
141
Calculate the greatest common factor of 39609 and 68040.
243
Calculate the highest common divisor of 122017805 and 910.
455
What is the greatest common factor of 83027676 and 324?
12
What is the greatest common divisor of 94104 and 264?
24
What is the highest common factor of 2000 and 1554450?
50
Calculate the highest common factor of 97629 and 1701.
21
What is the greatest common divisor of 37732848 and 48?
48
Calculate the highest common factor of 9087 and 377.
13
What is the highest common factor of 21978 and 160380?
594
Calculate the highest common divisor of 141766 and 2628.
146
What is the greatest common factor of 1780649 and 702?
13
What is the highest common factor of 13398 and 35328612?
1914
Calculate the greatest common divisor of 12472942 and 3962.
566
What is the greatest common divisor of 531530589 and 64989?
7221
What is the highest common factor of 12279 and 9?
3
Calculate the highest common factor of 32624 and 205939.
2039
Calculate the highest common divisor of 830 and 156584231.
83
Calculate the highest common divisor of 200 and 109061950.
50
Calculate the highest common divisor of 201314868 and 1044.
348
Calculate the greatest common factor of 1230 and 136034310.
1230
Calculate the highest common divisor of 14420 and 80339588.
2884
What is the highest common factor of 2982 and 32158882?
994
Calculate the highest common divisor of 42 and 405009864.
42
Calculate the highest common factor of 92 and 1707654458.
46
Calculate the greatest common divisor of 77532 and 490308.
1092
What is the greatest common divisor of 258 and 1266380014?
86
What is the highest common factor of 243237570 and 30?
30
Calculate the highest common divisor of 5260 and 113381404.
1052
Calculate the greatest common factor of 442 and 1276522.
26
What is the greatest common divisor of 644211 and 337869?
279
Calculate the greatest common factor of 144550 and 1772950.
2950
Calculate the highest common divisor of 42 and 5391022.
14
What is the greatest common divisor of 31428 and 8343?
81
Calculate the highest common divisor of 6972 and 280759452.
996
What is the greatest common factor of 221595 and 38631?
237
Calculate the greatest common factor of 2444 and 2799056.
52
Calculate the highest common divisor of 16482 and 35274678.
246
What is the greatest common divisor of 2196685 and 1330?
95
Calculate the highest common divisor of 12144 and 2308372.
1012
What is the highest common divisor of 25825524 and 42?
6
What is the highest common factor of 234 and 6527924?
26
What is the greatest common factor of 781203156 and 3543?
3543
What is the greatest common factor of 196 and 6046932?
4
Calculate the highest common divisor of 2917842519 and 3189.
3189
Calculate the highest common factor of 29504 and 304136.
8
Calculate the highest common factor of 1769061 and 15189.
183
What is the greatest common divisor of 20806 and 2075141?
103
What is the highest common divisor of 9111 and 10422?
3
Calculate the greatest common factor of 1965 and 2160.
15
Calculate the highest common divisor of 330613 and 1014003.
1847
Calculate the greatest common divisor of 10271055 and 31440.
1965
Calculate the greatest common divisor of 19144619 and 169.
13
What is the greatest common divisor of 89938372 and 644?
92
What is the greatest common divisor of 20 and 929404780?
20
Calculate the highest common factor of 213003 and 8127.
189
Calculate the greatest common factor of 442298 and 41025526.
3182
Calculate the greatest common factor of 177211872 and 279.
279
What is the greatest common factor of 573 and 916184407?
191
Calculate the highest common divisor of 147819 and 225.
3
Calculate the greatest common divisor of 574745 and 40115.
355
What is the greatest common divisor of 361148 and 2938?
226
What is the greatest common divisor of 5479947 and 198?
99
What is the highest common divisor of 8532 and 7559028?
108
Calculate the greatest common divisor of 177607 and 5141.
97
Calculate the greatest common factor of 1170731 and 7.
1
Calculate the greatest common factor of 44434488 and 2952.
984
Calculate the greatest common divisor of 403725 and 1510425.
525
Calculate the highest common factor of 4453453 and 12618.
701
Calculate the greatest common factor of 7530962 and 205.
41
What is the greatest common factor of 17022 and 1527545769?
8511
What is the greatest common factor of 3074 and 236302991?
1537
Calculate the highest common divisor of 89487720 and 38.
38
Calculate the highest common factor of 166999 and 2527.
7
Calculate the greatest common factor of 19883136 and 284544.
4992
What is the greatest common factor of 199423 and 490?
7
Calculate the greatest common factor of 21 and 128769.
3
What is the greatest common divisor of 19 and 42649186?
19
Calculate the greatest common divisor of 370456831 and 953.
953
Calculate the highest common factor of 140068 and 593484.
1444
What is the highest common factor of 10704136 and 5840?
584
Calculate the highest common factor of 19551 and 95953515.
2793
Calculate the greatest common divisor of 4077 and 520803.
27
Calculate the greatest common divisor of 134 and 424206.
2
Calculate the highest common factor of 39 and 33384403.
13
What is the highest common divisor of 141733384 and 15392?
3848
Calculate the highest common divisor of 11179 and 15967.
7
Calculate the highest common divisor of 8432 and 150343304.
248
Calculate the highest commo